p. Let y = -237 + p. Is y prime?
False
Let o be 6/9 + 4/3. Suppose 0 = -o*k + 16 + 4. Let a(u) = 32*u + 11. Is a(k) a composite number?
False
Suppose 3*p - 2*t - 46 = -6, 4*t = 4*p - 60. Let u(l) = -l**3 + 10*l**2 + l - 2. Let a be u(p). Suppose -177 = 5*m - a*m. Is m composite?
False
Let b = -3057 - -4316. Is b prime?
True
Suppose 0 = -b - 4*b + 10. Suppose -b*p - 78 = -5*j + 550, -2*j = 2*p + 600. Let r = p - -539. Is r prime?
False
Let y = 8401 - 5468. Is y a prime number?
False
Let t(s) = 527*s**2 + 2*s + 1. Let a be 3 - (1 - (-3)/1). Is t(a) prime?
False
Let o(s) = 143*s - 1. Let v(c) = 71*c. Let l(b) = -2*o(b) + 5*v(b). Let g be l(5). Suppose 5*h - g = -2*u, 0*u = -3*u + 3. Is h composite?
True
Let j = 7280 + -3893. Is j/21 + (-6)/21 a prime number?
False
Suppose -18*a + 21*a = -g + 76572, -a = 4*g - 25535. Is a composite?
False
Let h = -708 + 2031. Suppose 2*m - h - 631 = 0. Is m a prime number?
True
Let h(v) = 103375*v + 24. Is h(1) a composite number?
False
Let r(p) = 4*p**2 - 5*p + 3. Let c be r(4). Let i = 16 - c. Let a = -6 - i. Is a composite?
True
Suppose 0 = -7*u + 2*u - 80. Let p be (834/4)/((-12)/u). Suppose 2*j + 3*t = p, -2*t - 2*t = -3*j + 417. Is j a composite number?
False
Suppose -4 - 56 = -o. Is ((-105)/o)/(2/(-1192)) prime?
False
Suppose -45*i = -48*i + 4*s + 65909, -5*i = 2*s - 109831. Is i composite?
True
Suppose 5*f + 11*z = 13*z + 41303, -5*f + 41302 = -3*z. Is f a prime number?
False
Let k be (6795/60)/((-6)/(-104)). Suppose -3*r - 5*t + k = -960, t = -5*r + 4857. Is r composite?
False
Let w(x) = 229*x**2 + 15*x + 15. Is w(5) a prime number?
False
Suppose 5*v - 20329 = 20*p - 23*p, -p - 4*v + 6774 = 0. Is p a prime number?
False
Let c = -612 + 1053. Suppose -2*r = 5*d - c, r = -2*d - 4*r + 168. Is d prime?
True
Let y(w) = 2*w + 3. Let x be y(0). Suppose -i - 3*i - 4*o = -156, -3*o + 78 = 2*i. Suppose 0*n = -3*n + 3*g + i, g = x*n - 41. Is n composite?
True
Suppose -5094 = -7*o + 2*o + 2*c, 0 = 2*c + 4. Suppose -5*q + 4*j + 16472 = 0, -6596 = -2*q + 7*j - 3*j. Suppose -o + q = 6*g. Is g a composite number?
False
Let d = -940 - -1242. Is d a composite number?
True
Suppose -2*m + 4*d = -8862, -2*m + 2*d = -d - 8867. Is m composite?
False
Suppose 2*y + 1482 = -7*c + 2*c, 5*c = 5*y - 1475. Let t = c + 96. Let h = t - -833. Is h composite?
True
Let n(b) = -48*b**3 + b**2 - 10*b - 6. Let h(s) = 72*s**3 - s**2 + 15*s + 9. Let i(d) = -5*h(d) - 7*n(d). Is i(-2) prime?
True
Let d be (214 - (-2 - -4))/(-2). Suppose 2*k = 83 + 359. Let h = d + k. Is h a prime number?
False
Let y = -1 - -7. Suppose 3*h = y*h - 2415. Suppose 0 = 4*l + l + 2*m - h, -3*l + 5*m + 514 = 0. Is l a prime number?
True
Let d(j) = -1042*j + 31. Is d(-18) a prime number?
True
Is 10 + (-34072)/(-8)*1 composite?
True
Let u(f) = f - 1. Let c be u(4). Let l = 13 - -10. Suppose -y - 2*t + 4*t = -l, c*t = 12. Is y a composite number?
False
Let m = -58 + 62. Let f = 4 - 0. Suppose 5*p = -2*s + 2*p + 133, -m*p = f*s - 276. Is s prime?
False
Let a(i) = 90*i**2 - 14*i - 43. Is a(15) a prime number?
True
Let j(f) = -3712*f + 253. Is j(-7) composite?
False
Let f = 3 + -4. Suppose 6*n + 2866 = 2*j + 8*n, 0 = -3*j + n + 4311. Is f/((-4312)/j - -3) composite?
False
Let s = 141973 + -101195. Is s prime?
False
Let l(n) = -4*n**3 + 5*n**2 + 5*n - 3. Let s be l(-4). Suppose -i = -3*o + 13, -4*o - 5*i - 14 = -6. Suppose s + 440 = o*d. Is d a prime number?
True
Let w = 11 + -3. Suppose -2*o - w = 8. Let a(z) = -10*z + 3. Is a(o) prime?
True
Let w = 14 + -21. Let i(c) = c**2 + 6*c - 3. Let s be i(w). Suppose l - 7 = -2, -s*x = -l - 367. Is x a prime number?
False
Let w = 286 + 297. Is w a composite number?
True
Suppose r - b - 30676 = 0, 0 = 3*r + 2*b - 83763 - 8280. Is r prime?
False
Let p(a) = 15*a**3 + 2*a**2 - 24*a - 5. Is p(6) composite?
False
Suppose 10 = 2*m, -l + 3*m - 5*m = -30252. Is l composite?
True
Let z(c) = 2655*c - 98. Is z(31) composite?
False
Suppose 221 - 72 = -3*g - 4*s, 0 = 3*g + 5*s + 151. Let i = 73 + g. Is i a composite number?
True
Let y = 83724 + -59663. Is y composite?
False
Suppose -4*s + 40 = -4*p, -5*s + 48 = -s + 4*p. Suppose s*b = 14*b - 531. Let l = b + -44. Is l a composite number?
True
Let v(l) = l - 1. Let f be v(-1). Let n(u) = -31*u + 3 + 11*u - 84*u. Is n(f) prime?
True
Let q be 1/2*1199 - (-6)/12. Let n = -223 + q. Is n prime?
False
Let l(c) = c**2 - 5. Let d be l(-4). Let u be (-6 + 4)*-1*2. Is d*u + 5 + -2 composite?
False
Suppose 261570 = 5*g - k, -4*g - 5*k + 114500 = -94785. Is g prime?
False
Suppose -2*o + 78 = 20. Suppose 24*k = o*k - 325. Is k composite?
True
Suppose -56 = -5*i - 4*y, -3*i + 39 = 3*y - 6*y. Let m be -4*2*i/(-16). Is (3*(-596)/m)/(-2) a prime number?
True
Let q(g) = -9*g - 4. Let x be q(-5). Suppose -r + x = k, 45 = k - 0*k + 2*r. Is k a composite number?
False
Let a(r) = -r**2 + 7*r + 6. Suppose 10 + 17 = 3*c + 3*p, -5*c + 4*p = -54. Let h be a(c). Is 866/8 - 18/h a prime number?
True
Let t(j) = -j**2 - 2 + 7 - j + 8*j**2. Is t(-5) a prime number?
False
Let m be (-2)/5 + 10/25. Suppose -r - 2*z - 312 + 4475 = 0, m = 5*r - 5*z - 20785. Suppose 4*q - 5556 = -4*t, -q = t + 2*t - r. Is t a composite number?
True
Suppose -5*c = -3 - 7. Let h be (-5 + c)*2/(-2). Suppose 5*n = -4*w + 769, -h*w - 5*n + 453 + 125 = 0. Is w a prime number?
True
Let j(z) = 90*z + 111. Is j(10) a composite number?
True
Let i(l) be the second derivative of 283*l**5/10 - l**4/6 - l**3/6 + l**2 + 2*l. Let a be i(1). Suppose a = 5*j - 0*j. Is j a composite number?
False
Let a = -22136 - -36949. Is a a prime number?
True
Suppose -5*d = -111 - 69. Is -14511*(0 - 4/d)*3 composite?
True
Let u = 12396 + 8725. Is u a prime number?
True
Let m be 48/108 - 36118/(-18). Suppose 7*p - m = -2*p. Is p composite?
False
Is (1702/322)/((-3)/(-609)) prime?
False
Suppose 3*g + 5*i - 7 = 19, 4*g + 12 = 5*i. Let y be 137 + 2 + g + 3. Suppose 2*t - 126 = -2*m - 2*t, 3*m - 3*t - y = 0. Is m a prime number?
True
Is -6*26079/(-66) - (-16)/88 a composite number?
False
Let l(m) = -97*m + 6. Let c be l(-3). Let p = c + -134. Is p composite?
False
Let h be (-4 - -2) + (2 - -3). Suppose -4*r - 2*v = -h*r - 8571, 5*r - 42820 = -3*v. Is r composite?
True
Let u(x) = -2*x**2 + 17*x + 13. Let o be u(9). Suppose o*c = 5*q + 848 + 2746, 4*q = c - 893. Is c a prime number?
False
Let h(d) = -5158*d - 177. Is h(-5) composite?
True
Is 116*57 - (-12 - -11) prime?
False
Let o(q) = 3 - 6*q - 4 + 7 + 2*q**2 - 5. Let i be o(4). Let x(d) = 2*d**2 + 17*d - 10. Is x(i) a prime number?
False
Let g(s) = 35*s - 2. Suppose 0 = -3*l + l + 2. Is g(l) a prime number?
False
Suppose -101*d + 98*d = -2979. Is d a prime number?
False
Is (-1474856)/(-168) - 26/(-273) prime?
True
Let b(h) = -4*h**2 + 4*h + 7 + 18*h**3 - 8*h**3 + 3*h**2 - 9*h**3. Is b(5) a prime number?
True
Let v(g) = -g**3 + 2*g**2 + 3*g + 1. Let c be v(-3). Suppose 5*h = 15 - 5. Suppose -2*p - 23 = -3*s - p, -5*p = -h*s + c. Is s a composite number?
True
Let m(i) = 2*i**3 + 0*i**3 - 5*i**3 + 2*i - 63 + 70. Is m(-4) prime?
True
Let j be (-1 - 4/(-6))*0. Let o(k) = k**2 + 49. Let g be o(j). Suppose -3*u + 523 = g. Is u a composite number?
True
Suppose 4*p = p + 9. Let l be (372/(-18))/(1/(-9)). Suppose -p*s + 4*f - 299 + 852 = 0, -s = -3*f - l. Is s a composite number?
True
Suppose 122 = 2*u - 8. Suppose 0 = 2*l + u - 243. Is l a composite number?
False
Let d(o) = -6*o + 50. Let l be d(8). Suppose 4106 = h - s, 4*s = -0*h - l*h + 8194. Is h prime?
False
Let x = -77 - -229. Let o(c) = -3*c**2 - 7*c - 3. Let g be o(-6). Let i = x + g. Is i composite?
False
Let y = -856 + 975. Is y a composite number?
True
Let l be (2/6)/(6/(-18)). Let p = l - -5. Is 522/4 + p/8 a prime number?
True
Let f = -25 - -27. Let w = 7 - f. Suppose 239 = w*v - 776. Is v a composite number?
True
Is (2 + -1)/((-51)/(-557787)) composite?
False
Suppose -10 = -2*f, f - 3524 = -2*t - f. Suppose -5*g = -t - 468. Is g prime?
False
Let n = 38854 + -13587. Is n composite?
True
Let s(u) = -u**2. Let l be s(1). Is ((-26)/(-6))/(l/(-6)) composite?
True
Suppose -10*c = 8*c - 36954. Is c a composite number?
False
Let j(v) = -2*v**3 + 15*v**2 - 6*v - 2. Let y be j(7). Suppose 843 = -2*x + 4*x - 3*q, q - 2082 = -y*x. Is x a prime number?
False
Let m = 10274 - 4293. Is m composi